{"id":5,"date":"2012-01-06T23:08:49","date_gmt":"2012-01-06T23:08:49","guid":{"rendered":"http:\/\/clasiro.com\/immeuble\/?page_id=5"},"modified":"2025-01-04T00:23:09","modified_gmt":"2025-01-04T00:23:09","slug":"accueil","status":"publish","type":"page","link":"https:\/\/clasiro.com\/immeuble\/","title":{"rendered":"Accueil"},"content":{"rendered":"\r\n<p>Vous cherchez un appartement \u00e0 louer, un prix raisonnable pour la location et un bel environnement? Vous avez frapp\u00e9 \u00e0 la bonne porte!<\/p>\r\n<p>Immeubles Clasiro poss\u00e8de plusieurs immeubles en location dans diff\u00e9rents secteurs r\u00e9sidentiels o\u00f9 l\u2019environnement est agr\u00e9able et paisible. \u00c9tant \u00e0 l\u2019\u00e9coute de sa client\u00e8le et ayant le souci de leur bien \u00eatre, l\u2019entreprise offre un service de conciergerie qui assure un entretien minutieux de chaque immeuble. De plus, le prix abordable des appartements respectera votre budget.<\/p>\r\n<table class=\"accueil\" border=\"0\" cellspacing=\"0\" cellpadding=\"0\">\r\n<tbody>\r\n<tr>\r\n<td>\r\n<div class=\"pbox\">\r\n<h3 style=\"text-align: center;\">4 1\/2 \u00e0 partir de 1205 $ <br>5 1\/2 \u00e0 partir de 1305 $<\/h3>\r\n<div class=\"pbox-image\"><a title=\"Projets St-Amable Rue B\u00e9atrice\" href=\"http:\/\/clasiro.com\/immeuble\/projets-st-amable\/rue-beatrice\"><img loading=\"lazy\" decoding=\"async\" class=\"alignnone wp-image-13\" title=\"beatrice-pale\" src=\"http:\/\/clasiro.com\/immeuble\/wp-content\/uploads\/2012\/01\/beatrice-pale.jpg\" alt=\"\" width=\"330\" height=\"246\"><\/a>\r\n<h3>St-Amable<br>Rue B\u00e9atrice<\/h3>\r\n<\/div>\r\n<\/div>\r\n<\/td>\r\n<td>\r\n<div class=\"pbox\">\r\n<h3 style=\"text-align: center;\">\u00c0 partir de 1445 $<\/h3>\r\n<div class=\"pbox-image\"><a title=\"Projets St-Amable Rue de la Monarde\" href=\"http:\/\/clasiro.com\/immeuble\/projets-st-amable\/rue-de-la-monarde\"><img loading=\"lazy\" decoding=\"async\" class=\"alignnone wp-image-223\" title=\"Monarde nouvelle floue\" src=\"http:\/\/clasiro.com\/immeuble\/wp-content\/uploads\/2012\/01\/Monarde-nouvelle-floue.jpg\" alt=\"\" width=\"330\" height=\"246\"><\/a>\r\n<h3>St-Amable<br>Rue de la Monarde<\/h3>\r\n<\/div>\r\n<\/div>\r\n<\/td>\r\n<td>\r\n<div class=\"pbox\">\r\n<h3 style=\"text-align: center;\">4 1\/2 \u00e0 partir de 1170 $ <br>5 1\/2 \u00e0 partir de 1270 $<\/h3>\r\n<div class=\"pbox-image\"><a title=\"Projet Sutton Rue Western\" href=\"http:\/\/clasiro.com\/immeuble\/projet-sutton\"><img loading=\"lazy\" decoding=\"async\" title=\"Sutton F\" src=\"http:\/\/clasiro.com\/immeuble\/wp-content\/uploads\/2012\/01\/Sutton-F.jpg\" alt=\"\" width=\"205\" height=\"153\"><\/a>\r\n<h3>Sutton<br>Rue Western<\/h3>\r\n<\/div>\r\n<\/div>\r\n<\/td>\r\n<td>\r\n<div class=\"pbox\">\r\n<h3 style=\"text-align: center;\">5 1\/2 \u00e0 partir de 1210 $ <br>Disponible d\u00e8s maintenant<\/h3>\r\n<div class=\"pbox-image\"><a title=\"Projet Cowansville Rue Louis-Joseph-Papineau\" href=\"http:\/\/clasiro.com\/immeuble\/cowansville\"><img loading=\"lazy\" decoding=\"async\" title=\"Sutton F\" src=\"http:\/\/clasiro.com\/immeuble\/wp-content\/uploads\/2012\/01\/Sutton-F.jpg\" alt=\"\" width=\"205\" height=\"153\"><\/a>\r\n<h3>Cowansville<br>Rue Louis-Joseph-Papineau<\/h3>\r\n<\/div>\r\n<\/div>\r\n<\/td>\r\n<\/tr>\r\n<\/tbody>\r\n<\/table>\r\n<table class=\"accueil\" style=\"height: 351px;\" border=\"0\" cellspacing=\"0\" cellpadding=\"0\">\r\n<tbody>\r\n<tr>\r\n<td>\r\n<div class=\"pbox\">\r\n<h3 style=\"text-align: center;\">4 1\/2 \u00e0 partir de 1150 $ <br>5 1\/2 \u00e0 partir de 1250 $<\/h3>\r\n<div class=\"pbox-image\"><a title=\"Projet Drummondville Domaine du Vigneron\" href=\"http:\/\/clasiro.com\/immeuble\/projet-drummondville\/projet-drummondville-domaine-du-vigneron\"><img loading=\"lazy\" decoding=\"async\" class=\"alignnone size-full wp-image-481\" src=\"http:\/\/clasiro.com\/immeuble\/wp-content\/uploads\/2012\/01\/model1-light205x153.jpg\" alt=\"model1 light205x153\" width=\"205\" height=\"153\"><\/a>\r\n<h3>Drummondville<br>Domaine du Vigneron<\/h3>\r\n<\/div>\r\n<\/div>\r\n<\/td>\r\n<td>\r\n<div class=\"pbox\">\r\n<h3 style=\"text-align: center;\">4 1\/2 \u00e0 partir de 1215 $ <br>5 1\/2 \u00e0 partir de 1360 $<\/h3>\r\n<div class=\"pbox-image\" style=\"background: #fff;\"><a title=\"Projet Drummondville Domaine du Sauvignon\" href=\"https:\/\/clasiro.com\/construction\"><img loading=\"lazy\" decoding=\"async\" class=\"alignnone size-full wp-image-481\" style=\"filter: opacity(var(--value, 100%)); --value: 40%;\" src=\"https:\/\/clasiro.com\/immeuble\/wp-content\/uploads\/2022\/01\/download.jpg\" alt=\"model1 light205x153\" width=\"205\" height=\"153\"><\/a>\r\n<h3>Drummondville<br>Domaine du Sauvignon<\/h3>\r\n<\/div>\r\n<\/div>\r\n<\/td>\r\n<\/tr>\r\n<\/tbody>\r\n<\/table>\r\n","protected":false},"excerpt":{"rendered":"<p>Vous cherchez un appartement \u00e0 louer, un prix raisonnable pour la location et un bel environnement? Vous avez frapp\u00e9 \u00e0 la bonne porte! Immeubles Clasiro poss\u00e8de plusieurs immeubles en location dans diff\u00e9rents secteurs r\u00e9sidentiels o\u00f9 l\u2019environnement est agr\u00e9able et paisible. \u00c9tant \u00e0 l\u2019\u00e9coute de sa client\u00e8le et ayant le souci de leur bien \u00eatre, l\u2019entreprise [&hellip;]<\/p>\n","protected":false},"author":1,"featured_media":0,"parent":0,"menu_order":0,"comment_status":"open","ping_status":"open","template":"","meta":{"ngg_post_thumbnail":0,"footnotes":""},"class_list":["post-5","page","type-page","status-publish","hentry"],"_links":{"self":[{"href":"https:\/\/clasiro.com\/immeuble\/wp-json\/wp\/v2\/pages\/5","targetHints":{"allow":["GET"]}}],"collection":[{"href":"https:\/\/clasiro.com\/immeuble\/wp-json\/wp\/v2\/pages"}],"about":[{"href":"https:\/\/clasiro.com\/immeuble\/wp-json\/wp\/v2\/types\/page"}],"author":[{"embeddable":true,"href":"https:\/\/clasiro.com\/immeuble\/wp-json\/wp\/v2\/users\/1"}],"replies":[{"embeddable":true,"href":"https:\/\/clasiro.com\/immeuble\/wp-json\/wp\/v2\/comments?post=5"}],"version-history":[{"count":83,"href":"https:\/\/clasiro.com\/immeuble\/wp-json\/wp\/v2\/pages\/5\/revisions"}],"predecessor-version":[{"id":709,"href":"https:\/\/clasiro.com\/immeuble\/wp-json\/wp\/v2\/pages\/5\/revisions\/709"}],"wp:attachment":[{"href":"https:\/\/clasiro.com\/immeuble\/wp-json\/wp\/v2\/media?parent=5"}],"curies":[{"name":"wp","href":"https:\/\/api.w.org\/{rel}","templated":true}]}}