{"id":24,"date":"2012-01-08T02:23:02","date_gmt":"2012-01-08T02:23:02","guid":{"rendered":"http:\/\/clasiro.com\/immeuble\/?page_id=24"},"modified":"2023-11-21T22:07:57","modified_gmt":"2023-11-21T22:07:57","slug":"rue-beatrice","status":"publish","type":"page","link":"https:\/\/clasiro.com\/immeuble\/projets-st-amable\/rue-beatrice","title":{"rendered":"Projets St-Amable <span>Rue B\u00e9atrice<\/span>"},"content":{"rendered":"\r\n<h4>4 1\/2 et 5 1\/2 \u00e0 partir de 1205 $ *<\/h4>\r\n<table class=\"projets-en-cours\">\r\n<tbody>\r\n<tr>\r\n<td>\r\n<div class=\"shadow1\">\r\n<div class=\"content\"><img loading=\"lazy\" decoding=\"async\" class=\"alignnone size-full wp-image-33\" title=\"amable\" src=\"http:\/\/clasiro.com\/immeuble\/wp-content\/uploads\/2012\/01\/amable.jpg\" alt=\"\" width=\"259\" height=\"194\"><\/div>\r\n<\/div>\r\n<\/td>\r\n<td class=\"ptext\"><a href=\"http:\/\/clasiro.com\/immeuble\/wp-content\/uploads\/2012\/01\/9log-st-amable-975-4.jpg\" rel=\"lightbox\"><img loading=\"lazy\" decoding=\"async\" class=\"alignnone size-medium wp-image-118\" title=\"P:DESSINSEntrepreneursHabitation D.F.JDuplex (30X26.5) Etage\" src=\"http:\/\/clasiro.com\/immeuble\/wp-content\/uploads\/2012\/01\/9log-st-amable-975-4-125x300.jpg\" alt=\"\" width=\"125\" height=\"300\" srcset=\"https:\/\/clasiro.com\/immeuble\/wp-content\/uploads\/2012\/01\/9log-st-amable-975-4-125x300.jpg 125w, https:\/\/clasiro.com\/immeuble\/wp-content\/uploads\/2012\/01\/9log-st-amable-975-4.jpg 226w\" sizes=\"auto, (max-width: 125px) 100vw, 125px\" \/><\/a><\/td>\r\n<td class=\"ptext\"><a href=\"http:\/\/clasiro.com\/immeuble\/wp-content\/uploads\/2012\/01\/9log-st-amable-975-5.jpg\" rel=\"lightbox\"><img loading=\"lazy\" decoding=\"async\" class=\"alignnone size-medium wp-image-123\" title=\"P:DESSINSEntrepreneursHabitation D.F.JDuplex (30X26.5) Etage\" src=\"http:\/\/clasiro.com\/immeuble\/wp-content\/uploads\/2012\/01\/9log-st-amable-975-5-147x300.jpg\" alt=\"\" width=\"147\" height=\"300\"><\/a><\/td>\r\n<\/tr>\r\n<\/tbody>\r\n<\/table>\r\n<div id=\"coord-box\">\r\n<h3>Coordonn\u00e9es<\/h3>\r\n<p>Veuillez prendre un rendez-vous<br>pour une visite.<br><br>Immeubles Clasiro<br>1-866-CLASIRO<br><br><a href=\"mailto:immosta@clasiro.com\">info@clasiro.com<\/a><\/p>\r\n<\/div>\r\n<p>*Une enqu\u00eate de cr\u00e9dit est obligatoire.<br>Formulaire \u00e0 remplir et \u00e0 remettre \u00e0 la personne responsable des locations.<\/p>\r\n<p><a href=\"https:\/\/clasiro.com\/immeuble\/wp-content\/uploads\/2022\/01\/DEMANDE-DE-LOCATION-2019-VERSION-DYNAMIQUE.pdf\">DEMANDE DE LOCATION 2019 (NOUVELLE VERSION DYNAMIQUE)<\/a><\/p>\r\n","protected":false},"excerpt":{"rendered":"<p>4 1\/2 et 5 1\/2 \u00e0 partir de 1205 $ * Coordonn\u00e9es Veuillez prendre un rendez-vouspour une visite.Immeubles Clasiro1-866-CLASIROinfo@clasiro.com *Une enqu\u00eate de cr\u00e9dit est obligatoire.Formulaire \u00e0 remplir et \u00e0 remettre \u00e0 la personne responsable des locations. DEMANDE DE LOCATION 2019 (NOUVELLE VERSION DYNAMIQUE)<\/p>\n","protected":false},"author":1,"featured_media":0,"parent":19,"menu_order":0,"comment_status":"open","ping_status":"open","template":"","meta":{"ngg_post_thumbnail":0,"footnotes":""},"class_list":["post-24","page","type-page","status-publish","hentry"],"_links":{"self":[{"href":"https:\/\/clasiro.com\/immeuble\/wp-json\/wp\/v2\/pages\/24","targetHints":{"allow":["GET"]}}],"collection":[{"href":"https:\/\/clasiro.com\/immeuble\/wp-json\/wp\/v2\/pages"}],"about":[{"href":"https:\/\/clasiro.com\/immeuble\/wp-json\/wp\/v2\/types\/page"}],"author":[{"embeddable":true,"href":"https:\/\/clasiro.com\/immeuble\/wp-json\/wp\/v2\/users\/1"}],"replies":[{"embeddable":true,"href":"https:\/\/clasiro.com\/immeuble\/wp-json\/wp\/v2\/comments?post=24"}],"version-history":[{"count":24,"href":"https:\/\/clasiro.com\/immeuble\/wp-json\/wp\/v2\/pages\/24\/revisions"}],"predecessor-version":[{"id":699,"href":"https:\/\/clasiro.com\/immeuble\/wp-json\/wp\/v2\/pages\/24\/revisions\/699"}],"up":[{"embeddable":true,"href":"https:\/\/clasiro.com\/immeuble\/wp-json\/wp\/v2\/pages\/19"}],"wp:attachment":[{"href":"https:\/\/clasiro.com\/immeuble\/wp-json\/wp\/v2\/media?parent=24"}],"curies":[{"name":"wp","href":"https:\/\/api.w.org\/{rel}","templated":true}]}}

Projets St-Amable <span>Rue Béatrice</span>

<h4>4 1/2 et 5 1/2 à partir de 1205 $ *</h4>
<table class="projets-en-cours">
<tbody>
<tr>
<td>
<div class="shadow1">
<div class="content"><img loading="lazy" decoding="async" class="alignnone size-full wp-image-33" title="amable" src="http://clasiro.com/immeuble/wp-content/uploads/2012/01/amable.jpg" alt="" width="259" height="194"></div>
</div>
</td>
<td class="ptext"><a href="http://clasiro.com/immeuble/wp-content/uploads/2012/01/9log-st-amable-975-4.jpg" rel="lightbox"><img loading="lazy" decoding="async" class="alignnone size-medium wp-image-118" title="P:DESSINSEntrepreneursHabitation D.F.JDuplex (30X26.5) Etage" src="http://clasiro.com/immeuble/wp-content/uploads/2012/01/9log-st-amable-975-4-125x300.jpg" alt="" width="125" height="300" srcset="https://clasiro.com/immeuble/wp-content/uploads/2012/01/9log-st-amable-975-4-125x300.jpg 125w, https://clasiro.com/immeuble/wp-content/uploads/2012/01/9log-st-amable-975-4.jpg 226w" sizes="auto, (max-width: 125px) 100vw, 125px" /></a></td>
<td class="ptext"><a href="http://clasiro.com/immeuble/wp-content/uploads/2012/01/9log-st-amable-975-5.jpg" rel="lightbox"><img loading="lazy" decoding="async" class="alignnone size-medium wp-image-123" title="P:DESSINSEntrepreneursHabitation D.F.JDuplex (30X26.5) Etage" src="http://clasiro.com/immeuble/wp-content/uploads/2012/01/9log-st-amable-975-5-147x300.jpg" alt="" width="147" height="300"></a></td>
</tr>
</tbody>
</table>
<div id="coord-box">
<h3>Coordonnées</h3>
<p>Veuillez prendre un rendez-vous<br>pour une visite.<br><br>Immeubles Clasiro<br>1-866-CLASIRO<br><br><a href="mailto:immosta@clasiro.com">info@clasiro.com</a></p>
</div>
<p>*Une enquête de crédit est obligatoire.<br>Formulaire à remplir et à remettre à la personne responsable des locations.</p>
<p><a href="https://clasiro.com/immeuble/wp-content/uploads/2022/01/DEMANDE-DE-LOCATION-2019-VERSION-DYNAMIQUE.pdf">DEMANDE DE LOCATION 2019 (NOUVELLE VERSION DYNAMIQUE)</a></p>

<p>4 1/2 et 5 1/2 à partir de 1205 $ * Coordonnées Veuillez prendre un rendez-vouspour une visite.Immeubles Clasiro1-866-CLASIROinfo@clasiro.com *Une enquête de crédit est obligatoire.Formulaire à remplir et à remettre à la personne responsable des locations. DEMANDE DE LOCATION 2019 (NOUVELLE VERSION DYNAMIQUE)</p>
